150984532883 composite?
False
Is 28516508813 composite?
True
Is 498682307 composite?
False
Is 86471866433 composite?
True
Is 36298469321 a prime number?
True
Is 14000290729 a composite number?
True
Is 31328722829 a prime number?
True
Is 24281504197 a composite number?
False
Is 9691304569 a prime number?
False
Is 9929201809 prime?
True
Is 4850868727 prime?
False
Is 498506033 prime?
True
Is 3444231563 a composite number?
False
Is 161612783 a prime number?
False
Is 4915316977 a composite number?
False
Is 6998796109 a composite number?
True
Is 2040577729 prime?
True
Is 37837238057 prime?
False
Is 74876256838 a composite number?
True
Is 2780637031 a prime number?
True
Is 6427108439 composite?
True
Is 33899343937 composite?
True
Is 490110331 prime?
True
Is 960244799 a prime number?
True
Is 711509653 prime?
False
Is 2830954807 prime?
False
Is 55519291 prime?
True
Is 13417244857 prime?
True
Is 182356398649 prime?
False
Is 2023278461 composite?
False
Is 146444887 composite?
True
Is 12047879413 a prime number?
False
Is 2805634781 a prime number?
True
Is 33684565349 a composite number?
False
Is 945509489 a composite number?
False
Is 778496269 composite?
False
Is 3727731647 composite?
True
Is 112993369085 a prime number?
False
Is 395593909 a composite number?
False
Is 174492607 a composite number?
True
Is 45057742151 composite?
False
Is 1077154781 a composite number?
False
Is 5376304279 a composite number?
True
Is 37158592273 prime?
False
Is 539622199 a composite number?
False
Is 817200859 a prime number?
True
Is 10118697851 prime?
True
Is 150317782705 composite?
True
Is 305460013 a composite number?
False
Is 8971133317 a prime number?
False
Is 416786999 a prime number?
False
Is 1377587681 prime?
True
Is 340514681 a prime number?
False
Is 11464957949 a composite number?
False
Is 1357678451 prime?
True
Is 331095937291 composite?
True
Is 1606961729 a prime number?
False
Is 140620673 a prime number?
True
Is 23481439 a composite number?
False
Is 318681217 a composite number?
True
Is 2165810539 a composite number?
False
Is 313549723 prime?
False
Is 7792331962 a composite number?
True
Is 1947920719 a prime number?
True
Is 689045323 a composite number?
False
Is 3641130313 composite?
False
Is 14737866989 composite?
True
Is 20719843177 prime?
False
Is 10727387409 prime?
False
Is 159184741 a composite number?
True
Is 232565173 prime?
False
Is 140938937 a composite number?
False
Is 29242438298 a prime number?
False
Is 1418071771 a composite number?
True
Is 596842291 prime?
True
Is 11162639177 a composite number?
True
Is 109227983 a prime number?
False
Is 6688720619 a prime number?
False
Is 19368550613 a prime number?
True
Is 265773847813 composite?
False
Is 55344516313 a composite number?
True
Is 12144303841 prime?
True
Is 1266185287 a prime number?
False
Is 127379395987 a composite number?
False
Is 99366851 a composite number?
True
Is 32046645461 a composite number?
True
Is 245910799 prime?
True
Is 65018340357 a prime number?
False
Is 66793492651 a composite number?
True
Is 816927143 a composite number?
False
Is 10308761618 prime?
False
Is 4386815737 a prime number?
False
Is 10950035237 prime?
False
Is 10710880043 composite?
False
Is 13913750603 a composite number?
False
Is 520567406377 prime?
True
Is 17925095449 prime?
False
Is 2652410679 a composite number?
True
Is 9388758013 a composite number?
False
Is 1303519057 a composite number?
True
Is 7461091237 prime?
False
Is 16928966767 a composite number?
False
Is 873350421 composite?
True
Is 97778897 composite?
True
Is 3841524289 composite?
True
Is 788354117 a composite number?
True
Is 7023438227 prime?
False
Is 173881823 a prime number?
False
Is 32768123477 a prime number?
False
Is 32024161187 prime?
False
Is 10310198897 composite?
False
Is 35743439237 composite?
True
Is 3056243863 a composite number?
False
Is 22106111579 composite?
False
Is 89467318517 a prime number?
False
Is 20793191701 a composite number?
False
Is 7252437961 composite?
True
Is 1372600183 composite?
True
Is 1135710091 a composite number?
True
Is 1232092441 prime?
True
Is 59259326317 a prime number?
True
Is 3594319757 a prime number?
False
Is 3376095809 composite?
False
Is 74882164843 a prime number?
True
Is 4479891719 a prime number?
True
Is 1953217181 composite?
True
Is 6011161801 composite?
True
Is 1848404461 composite?
False
Is 105989683 composite?
True
Is 3215059411 prime?
True
Is 721304851 prime?
True
Is 14017570339 prime?
True
Is 26199527687 a prime number?
True
Is 113606503 composite?
True
Is 24438678001 prime?
False
Is 3458805589 a prime number?
True
Is 3448192939 composite?
False
Is 87498379351 a composite number?
False
Is 9366534659 a composite number?
True
Is 1953609557 composite?
True
Is 26499086 a composite number?
True
Is 27264410747 composite?
True
Is 1475747899 a prime number?
True
Is 2781430789 composite?
False
Is 5024336461 composite?
False
Is 62033229539 a composite number?
False
Is 9777632479 a prime number?
True
Is 53458319 a prime number?
False
Is 2886649379 composite?
False
Is 4417315739 a prime number?
False
Is 906316793 composite?
True
Is 309976109 prime?
False
Is 159031321073 a composite number?
True
Is 60448571713 composite?
True
Is 3782488583 a composite number?
False
Is 244914763 a prime number?
False
Is 23540644115 a prime number?
False
Is 22941909671 composite?
False
Is 130317614291 a composite number?
False
Is 519083599 a prime number?
True
Is 3831742283 prime?
False
Is 8314071617 a prime number?
False
Is 23309318021 prime?
False
Is 1351892429 composite?
True
Is 1846993411 composite?
False
Is 6307380659 a composite number?
False
Is 1513294267 prime?
True
Is 2428245253 a prime number?
False
Is 354526307 a composite number?
False
Is 168604951 composite?
True
Is 17917755851 a composite number?
False
Is 17088657899 a composite number?
True
Is 24840107837 a composite number?
True
Is 25040803801 composite?
True
Is 22338679933 composite?
False
Is 7476276961 prime?
True
Is 14828968645 a composite number?
True
Is 15858045947 a composite number?
False
Is 517396423 a prime number?
True
Is 128425357 a composite number?
False
Is 454536947 a composite number?
True
Is 983429969 prime?
False
Is 37929355999 a composite number?
False
Is 1400657107 a composite number?
True
Is 9947715269 prime?
False
Is 9055300897 a composite number?
False
Is 55426027 composite?
False
Is 827571779 a prime number?
True
Is 4767206921 prime?
True
Is 3111133789 composite?
True
Is 823845389 composite?
False
Is 13284744353 prime?
True
Is 410488591 composite?
True
Is 54126225331 prime?
False
Is 47798038885 a prime number?
False
Is 1251316553 a prime number?
True
Is 253082257 prime?
False
Is 2861715907 a composite number?
False
Is 3849386507 composite?
False
Is 60154559 a composite number?
False
Is 188654241613 composite?
True
Is 3102606041 composite?
False
Is 5584755643 prime?
True
Is 33269358011 composite?
True
Is 7795891487 composite?
False
Is 7034216491 composite?
False
Is 408721543 composite?
True
Is 1972543189 prime?
True
Is 191155717 composite?
False
Is 8399274217 composite?
False
Is 24892981559 composite?
False
Is 552901457 a prime number?
False
Is 374916809 a prime number?
True
Is 3664007873 a composite number?
False
Is 1785283519 a composite number?
False
Is 26852558693 a prime number?
True
Is 6088164133 a prime number?
True
Is 8207413 prime?
False
Is 35938940131 composite?
False
Is 1944497591 a prime number?
False
Is 1449629483 a prime number?
True
Is 14186315051 composite?
True
Is 2503854601 composite?
False
Is 307897005223 prime?
False
Is 11985699157 composite?
False
Is 2217838691 a prime number?
True
Is 3401530579 a prime number?
False
Is 343005391819 a prime number?
True
Is 8428956799 composite?
False
Is 32624732941 a prime number?
False
Is 3461607757 composite?
False
Is 8804233261 prime?
True
Is 16598743373 a prime number?
False
Is 1920151753 a composite number?
True
Is 29595868579 a composite number?
False
Is 73053069703 composite?
False
Is 1561034455 composite?
True
Is 52980197719 prime?
False
Is 3251662873 a prime number?
True
Is 7417480777 a prime number?
False
Is 2583696491 composite?
True
Is 7625458361 a prime number?
False
Is 1354225181 a composite number?
False
Is 18107073857 composite?
True
Is 139005917777 a composite number?
Fal